 + 477541. Calculate i(-7).
-55
Let n(h) = h**3 + 38*h**2 - 69*h - 898. Give n(-39).
272
Let s(l) = 111*l**2 + 3787*l + 388. Calculate s(-34).
-54
Let x(f) = -6*f**2 - 27*f + 4838. Give x(-31).
-91
Let z(d) = -d**3 + 26*d**2 - 27*d - 598. What is z(29)?
-3904
Let i(z) = -10796*z + 723398. What is i(67)?
66
Let v(a) = -9*a**2 - 68*a + 622. Determine v(8).
-498
Let a(r) = -r**2 + 2752*r - 35605. What is a(13)?
2
Let o(k) = 3*k**3 + 111*k**2 - 1016*k - 502. Give o(8).
10
Let q(v) = 131*v + 6051. What is q(-49)?
-368
Let g(o) = -37*o**2 + 1155*o - 6393. Calculate g(24).
15
Let i(o) = 53*o**2 - 148*o - 148. Calculate i(-1).
53
Let l(o) = 3761*o + 19145. What is l(-5)?
340
Let c(y) = -y**2 + 185*y - 8785. Calculate c(72).
-649
Let n(z) = -218*z + 18235. Give n(84).
-77
Let v(n) = 936*n - 3425. What is v(5)?
1255
Let d(n) = 599*n + 4747. Calculate d(-8).
-45
Let b(n) = -n**3 - 59*n**2 - 817*n + 88. Determine b(-32).
-1416
Let v(i) = 2229494*i + 46819384. Give v(-21).
10
Let l(x) = -x**3 - 2359*x**2 - 9470*x - 187. Calculate l(-4).
13
Let x(a) = -4*a**3 + 14*a**2 + 39845*a - 159352. What is x(4)?
-4
Let t(a) = -7*a**3 + 1327*a**2 + 570*a - 57. Give t(190).
-57
Let v(b) = -3*b**2 + 200*b - 15. Calculate v(59).
1342
Let y(d) = 9277*d + 158417. Give y(-17).
708
Let l(f) = f**3 + 213*f**2 - 332*f - 70708. Calculate l(-213).
8
Let c(l) = -2*l**3 + 208*l**2 + 62*l - 1409. Calculate c(104).
5039
Let s(b) = 183*b - 2601. Give s(13).
-222
Let r(l) = -95*l**2 + 2281*l - 3. Give r(24).
21
Let m(y) = -y**3 + 167*y**2 + 246*y - 13116. What is m(168)?
-12
Let u(x) = -185*x - 20606. Calculate u(-117).
1039
Let f(i) = i**3 + 11*i**2 + 354*i + 5441. What is f(-14)?
-103
Let w(i) = i**3 + 4*i**2 + 38*i - 257. Calculate w(7).
548
Let d(a) = 10*a**2 - 94*a - 68. What is d(17)?
1224
Let u(a) = 69*a**2 + 356*a - 4. Calculate u(-6).
344
Let x(r) = -45*r**3 + 2*r**2 - 4*r. Calculate x(0).
0
Let h(c) = -c**3 + 16*c**2 + 691*c + 465. Give h(-19).
-29
Let b(m) = 11097*m + 4383321. Calculate b(-395).
6
Let k(f) = -f**2 + 1210*f + 245506. Give k(-177).
7
Let k(s) = -12018*s + 83771. Give k(7).
-355
Let w(k) = k**3 + 33*k**2 - 757*k - 24579. What is w(-34)?
3
Let r(x) = 55*x**2 - 54*x - 143. What is r(-6)?
2161
Let b(g) = 37*g - 4514. What is b(56)?
-2442
Let a(f) = 754*f**2 - 589618*f - 7824. Give a(782).
-4
Let r(a) = 23*a**3 - 11*a**2 + 140*a + 450. Calculate r(-3).
-690
Let u(q) = -128503*q + 1413496. Give u(11).
-37
Let f(x) = -58825*x + 1000039. Calculate f(17).
14
Let s(a) = -2*a**3 - 128*a**2 - 366*a - 260. Determine s(-61).
-260
Let h(y) = 7*y**3 + 30*y**2 - 185*y - 214. Calculate h(-1).
-6
Let m(c) = 11417*c - 216986. Give m(19).
-63
Let g(x) = x**2 + 459*x - 150273. Determine g(221).
7
Let m(w) = w**3 - 26*w**2 - 158*w - 1018. What is m(-12)?
-4594
Let i(x) = 6*x**2 - 619*x - 725. What is i(104)?
-205
Let a(s) = 5165*s - 382292. Calculate a(74).
-82
Let t(c) = -373*c**2 + 472*c - 101. What is t(1)?
-2
Let m(o) = -156*o**2 + 15130*o + 192. What is m(97)?
-2
Let s(v) = -986*v - 28423. What is s(-29)?
171
Let b(y) = -7*y**2 - 283*y - 1167. What is b(-4)?
-147
Let m(v) = 1206*v + 27388. Give m(-23).
-350
Let j(d) = -30*d**2 + 414*d + 1691. Give j(17).
59
Let i(m) = -723*m + 20722. Give i(29).
-245
Let m(d) = -2*d**2 + 9262*d + 74213. Give m(-8).
-11
Let c(y) = -3*y**3 - 9*y**2 - 35*y - 16. What is c(-3)?
89
Let f(k) = -57*k + 3458. Give f(54).
380
Let i(a) = 7*a**3 - 3*a**2 - 41*a - 43. What is i(-5)?
-788
Let r(q) = 722716*q - 7949883. Calculate r(11).
-7
Let t(c) = 2*c**3 + 975*c**2 + 1486*c + 13612. Calculate t(-486).
4
Let b(q) = q**3 - 16*q**2 - 3153*q + 47628. Determine b(15).
108
Let k(f) = -6*f**2 + 7356*f + 1312033. Give k(-158).
1
Let j(k) = -k**3 - 588*k**2 + 1250*k + 735005. What is j(-588)?
5
Let b(u) = 6*u**3 + 12*u**2 - 36*u + 14. Calculate b(2).
38
Let j(w) = -396*w - 2496. Give j(-6).
-120
Let a(m) = -139*m**3 - 47402*m**2 - 972*m + 17381. Give a(-341).
-10
Let k(z) = 24171*z - 1861168. What is k(77)?
-1
Let w(t) = t**3 + 136*t**2 + 2587*t - 281. What is w(-23)?
-5
Let v(g) = 533*g + 366. What is v(-1)?
-167
Let n(i) = -i**3 + 1113*i**2 + 21516*i - 16. Calculate n(-19).
-168
Let o(n) = -274*n - 1202. What is o(-5)?
168
Let f(y) = y**2 + 12*y - 199. What is f(-19)?
-66
Let r(o) = 685*o - 175988. Give r(256).
-628
Let s(d) = d**3 + 11*d**2 + 1069*d + 10572. Calculate s(-10).
-18
Let b(x) = 44*x**2 - 418*x + 637. Determine b(2).
-23
Let n(b) = -b**2 + 1024*b - 3069. Calculate n(3).
-6
Let g(a) = 467*a**3 - 478*a**2 - 11*a + 18. Give g(1).
-4
Let g(x) = x**3 + 23*x**2 + 2645*x + 60851. Determine g(-23).
16
Let a(w) = -2*w**3 - 4*w**2 + 31950*w + 63897. Determine a(-2).
-3
Let x(w) = w**3 - 22*w**2 + 423*w - 1673. Give x(5).
17
Let t(q) = -18*q**2 - 317*q - 103. Determine t(-18).
-229
Let t(x) = x**2 - 97*x - 450. Give t(104).
278
Let h(n) = n**2 - 928*n - 297026. Give h(-251).
-1097
Let g(s) = -s**3 - 4*s**2 - 166723*s - 666882. Give g(-4).
10
Let a(h) = 6*h**3 - 250*h**2 + 169*h + 81. What is a(41)?
286
Let q(k) = -2*k**2 - 1210*k - 106467. Give q(-498).
105
Let f(r) = r**3 - 124*r**2 - 981*r - 67. Give f(-8).
-667
Let j(s) = 32087*s - 96251. Give j(3).
10
Let r(j) = -947*j - 357932. What is r(-378)?
34
Let z(s) = 2361*s - 23493. Give z(10).
117
Let a(v) = 6*v**3 - 61*v**2 + 234*v - 1142. What is a(8)?
-102
Let d(z) = 10056*z + 99872. What is d(-10)?
-688
Let s(k) = -54734*k + 437792. What is s(8)?
-80
Let b(m) = 61704*m + 123376. Give b(-2).
-32
Let v(r) = -6*r**2 - 199*r - 1736. Give v(-8).
-528
Let d(m) = 5*m**2 - 4174*m - 12518. Give d(-3).
49
Let t(d) = -361*d + 1481. Determine t(6).
-685
Let o(m) = 6*m**2 - 297*m + 1331. Determine o(5).
-4
Let h(f) = -3*f**2 + 534*f + 2027. What is h(181)?
398
Let h(l) = -11*l**3 + 2644*l**2 - 962*l + 473. Give h(240).
-7
Let n(y) = 2*y**2 - 396*y + 7991. What is n(21)?
557
Let r(c) = -1775*c + 459667. Give r(259).
-58
Let x(l) = -l**3 + 20*l**2 - 3*l - 619. Give x(8).
125
Let j(g) = -861*g**2 - 15540*g - 11. What is j(-18)?
745
Let f(z) = 2*z**3 + 1069*z**2 + 516*z - 9543. What is f(-534)?
69
Let f(i) = -i**2 + 331*i - 16862. Calculate f(60).
-602
Let b(y) = 219*y**2 - 2*y - 312. Determine b(3).
1653
Let q(u) = -2005*u + 14565. Determine q(6).
2535
Let v(h) = h**3 + 103*h**2 - 33*h + 7293. Give v(-104).
-91
Let c(a) = -a**3 - 68*a**2 - 509*a - 177. Determine c(-10).
-887
Let a(q) = q**3 - 83*q**2 - 1712*q - 460. Give a(100).
-1660
Let w(q) = -36*q**2 + 802*q - 2208. Calculate w(19).
34
Let j(m) = -m**3 + 9*m**2 - 351*m + 1323. Determine j(4).
-1
Let l(q) = -q**3 + 70*q**2 - 1104*q - 41. Give l(24).
-41
Let o(r) = -r**3 - 16*r**2 + 90*r + 55. What is o(-21)?
370
Let x(b) = -620*b - 11991. Calculate x(-19).
-211
Let t(b) = b**3 - 47*b**2 + b - 2259. Calculate t(48).
93
Let h(t) = -t**2 + 488*t - 12381. What is h(27)?
66
Let t(v) = -2*v**3 + 802*v**2 - 3957*v - 6. Give t(5).
9
Let l(m) = 2*m**3 + 346*m**2 + 199*m - 24573. Determine l(-172).
367
Let i(y) = -y**3 + 6*y**2 - 68*y + 518. Give i(7).
-7
Let b(z) = 8988*z + 736915. What is b(-82)?
-101
Let u(y) = -y**3 + 79*y**2 - 818*y + 1057. Determine u(67).
119
Let g(h) = -h**3 + 295*h**2 - 290*h - 1187. What is g(294)?
-11
Let g(y) = 3644*y - 14570. Calculate g(4).
6
Let s(k) = k**3 - 190*k**2 + 337*k + 7318. Give s(188).
-14
Let m(u) = u**3 - 16*u**2 + 481*u - 6992. What is m(15)?
-2
Let f(u) = -11*u**2 + 175*u + 1191. What is f(10)?
1841
Let r(q) = -2*q**2 - 678*q - 37373. What is r(-68)?
-517
Let f(j) = 1886*j - 162562. Determine f(86).
-366
Let c(i) = -3*i**2 + 57*i + 801. Give c(-19).
-1365
Let s(o) = -o**2 + 68*o - 1058. Give s(53).
-263
Let b(c) = 444*c - 3561. Give b(11).
1323
Let q(u) = -3*u**3 + 125*u**2 + 1559*u - 63721. Determine q(42).
-7
Let p(o) = -o**3 - 134*o**2 - 156*o + 14260. Give p(-132).
4
Let q(c) = -4*c**3 + 2*c**2 + 29*c - 123. Determine q(4).
-231
Let l(r) = -2*r**2 + 2437*r - 60049. Determine l(25).
-374
Let i(h) = -h**3 + 278*h**2 - 1897*h + 527380. Determine i(278).
14
Let n(k) = k**3 - 29*k**2 + 57*k - 918. Give n(21).
-3249
Let v(i) = 2268*i - 1600. What is v(1)?
668
Let h(g) = -10*g**2 - 129*g - 10. Calculate h(-5).
385
Let z(n) = 187*n**2 + 918*n - 91. Give z(-5).
-6
Let w(q) = -1944*q + 51549. Give w(29).
-4827
Let h(t) = -18929*t + 151